253 = -42. Let q = -39 - d. What is the highest common divisor of 40 and q?
20
Let z be 33/(2 - -1) - 3. Suppose 5*d - 6 = 4. Let r be 5 + 0 - (d - 1). What is the highest common factor of z and r?
4
Let n = -15 - -23. Let u be -3 + 1 + 9 + -2. Suppose 3*c + u*h - 106 = 0, 88 = 3*c + h - 5*h. What is the greatest common divisor of c and n?
8
Let z = -5 - -10. Suppose -z*s = -38 - 17. Suppose 2*m = -0*m + 22. Calculate the greatest common divisor of m and s.
11
Suppose 4*o + 114 = 5*p, -4*p - 5*o = -34 - 49. Let u = -4 - -6. Suppose -j + 132 = u*j. Calculate the highest common factor of p and j.
22
Let k = 17 - 9. Suppose -c = c - k. What is the greatest common divisor of 4 and c?
4
Let l be 2/1*21/6. Let s = -17 + 25. Let m = s + l. Calculate the highest common divisor of m and 15.
15
Suppose 0 = t - 4 - 0. Suppose t*z + 208 = 5*n, -5*n + 19 = -2*z - 185. Calculate the greatest common divisor of 60 and n.
20
Suppose -2*q - 4*o = -2, 0*q + 4*o = -4*q + 20. What is the greatest common factor of q and 117?
9
Suppose 0*s - 2*s = -126. Suppose -365 - 820 = 5*o. Let i be o/(-27) + (-2)/(-9). What is the highest common divisor of s and i?
9
Suppose -4*n = -134 - 122. What is the highest common divisor of n and 8?
8
Let f = -50 - -96. Calculate the greatest common factor of 368 and f.
46
Suppose 0 = 2*z + 2*c - 1 + 3, -4*z = -2*c - 26. What is the greatest common factor of 20 and z?
4
Let t(i) = -i**2 + 15*i - 6. Let s be t(4). Let p(w) = -17*w - 7. Let j be p(-6). What is the highest common divisor of s and j?
19
Let h be (2 - 5 - -7) + 0. Suppose 0 = 3*u + 1 - h. Let z(t) = 89*t**2 - 1. Let w be z(u). Calculate the highest common divisor of w and 11.
11
Suppose -165 = 6*u - 11*u. Let y = -19 + u. Calculate the greatest common factor of y and 70.
14
Let o(f) = -3*f + 4*f**3 - 3*f**3 + 10 - 10 + 5*f**2. Let k be o(-5). Calculate the greatest common divisor of k and 120.
15
Suppose -2*m - 36 = -4*m. Let j = m - 7. Let i = 25 - -19. Calculate the greatest common divisor of i and j.
11
Suppose -10 = 3*v + 2*v. Let c be -1 - v*1 - 1. Suppose -4*m + c*m = 8, 10 = 2*t - 2*m. What is the greatest common factor of 21 and t?
3
Suppose w + 4*v = 208, -2*w + 4*v + v = -442. Let d = 13 - -11. What is the greatest common factor of d and w?
24
Let y = 4 + 1. Suppose y*h = 136 + 584. Calculate the highest common divisor of h and 16.
16
Let w be (2/(-15)*-5)/(2/135). What is the greatest common divisor of w and 15?
15
Let g be 10 - 4/(-12)*(-10 + -2). Calculate the greatest common factor of 78 and g.
6
Let p(b) = -2*b**3 - b. Let s be p(-1). Let n = 51 - 30. Calculate the highest common divisor of n and s.
3
Suppose 0 = 5*k + 10 - 60. Calculate the greatest common divisor of k and 60.
10
Let b(o) = -o**2 + 6*o + 11. Let g be b(6). Let m = 1 + 10. What is the highest common factor of m and g?
11
Suppose -2*m + 10 = -m. Let y be (-18 - -10)/(1/(-10)). What is the highest common divisor of y and m?
10
Let o(r) = r**2 - 9*r + 11. Let x be o(8). Let k be 72/x*(-35)/(-20). What is the greatest common divisor of k and 6?
6
Suppose 4*x = -0*x. Suppose x = v - 49 - 35. Suppose -12 = 2*d - v. Calculate the highest common divisor of d and 24.
12
Let o be (1/3)/(127/21 + -6). Suppose -41 = -4*i - 13. What is the highest common factor of i and o?
7
Let i = 27 - -3. Calculate the greatest common factor of 10 and i.
10
Suppose 3*l - 44 = 124. Let m(k) = 2*k**3 - 2*k**2. Let g be m(2). Let s = g + -1. What is the greatest common factor of l and s?
7
Let y = -71 - -78. Calculate the greatest common factor of y and 49.
7
Let h be (-14)/(-5) - 2/(-10). Let p be 0 - (-3)/(-2 - -3). Calculate the greatest common divisor of p and h.
3
Let c be -3 + (-38)/(-10) - 18/(-15). Let t = 33 + -23. Calculate the greatest common divisor of c and t.
2
Suppose 32 = 2*d + 2*d. Suppose 0 = -q - 0*z - 3*z + 9, -4*z = -d. Let l be ((-1)/(-1))/(-1) + 28. What is the greatest common factor of q and l?
3
Suppose 3*s = -0*s + 6. Suppose 0 = -2*i + 3*z + 193, -s*z - 2 + 0 = 0. What is the greatest common divisor of 19 and i?
19
Let i = -16 - -36. Let l be (12/15)/(1/i). What is the greatest common divisor of 2 and l?
2
Suppose -j = -4*y - 3*j + 90, 2*j = 5*y - 126. Suppose -8*t + 4*t + 36 = 0. Let c = t - 1. What is the greatest common divisor of c and y?
8
Let o = -68 + 103. Calculate the highest common factor of o and 21.
7
Suppose 0 = -10*x - 4*x + 1792. What is the highest common factor of x and 8?
8
Suppose 16*h - 63 = -5*h. What is the highest common factor of h and 48?
3
Suppose -4*l = -11*l - 63. Let f(n) = -n - 4*n + 8 + 2*n. Let q be f(l). Calculate the greatest common divisor of 7 and q.
7
Suppose -q - 394 = -3*q. Suppose -5*i + 123 = -q. Suppose -5*o - 13 = 2, 0 = 5*j + 5*o - 25. What is the greatest common factor of i and j?
8
Suppose -5*b + 444 = o, -b - 8 = 3*o - 108. Calculate the highest common divisor of b and 11.
11
Let x(r) = r + 8. Suppose -2*i + 2*t + 18 = 0, -3*i + 0*t + 2*t + 24 = 0. Let s be x(i). Suppose -h = -6*h + 280. What is the greatest common factor of h and s?
14
Let y(f) = 45*f + 3. Let u(v) = -v. Let n(m) = -5*u(m) - y(m). Let h be n(-2). What is the highest common divisor of h and 7?
7
Suppose 4 = -3*r - 2*d - 25, 0 = -r + 4*d + 9. Let n = r + 18. Calculate the greatest common factor of n and 77.
11
Let d = -322 + 342. Let x be (-1 - 0)/(1/(-30)). Calculate the greatest common divisor of x and d.
10
Let h be 1 + (-8)/(-4) - -85. Calculate the highest common factor of h and 8.
8
Let k = 52 + 27. Suppose 0 = -3*h - 12, 2*o - k = -o + h. Calculate the greatest common factor of 225 and o.
25
Let s(u) = -u**2 + 10*u + 19. Let m be s(9). Calculate the greatest common divisor of 56 and m.
28
Suppose 0 = -5*u + 2*z + 287, 0 = -4*z + 8 + 8. Let x = u + -27. Calculate the highest common divisor of 4 and x.
4
Suppose 0 = -2*s - s + 36. Suppose 0 = -9*a + 15 + 12. What is the greatest common factor of a and s?
3
Let n = 13 + -7. Suppose 3*o = 27 + n. Let g be ((-2)/(-4))/((-2)/(-352)). What is the highest common divisor of g and o?
11
Suppose 3*c + 7 - 40 = 0. Suppose 2*u - 2 = -0*u. What is the greatest common divisor of u and c?
1
Suppose -4*w = -2*w - 8. Calculate the greatest common factor of 44 and w.
4
Suppose j + 1 = 3*p - j, 0 = p - 5*j - 22. Let l be (33/6)/(p/(-18)). What is the greatest common factor of l and 3?
3
Let t be (12 + 0)*18/12. Suppose -4*s + 3*h + 60 = -0*s, -3*s - h + 58 = 0. What is the greatest common factor of s and t?
18
Let n = 59 - 50. What is the greatest common factor of n and 117?
9
Let k(a) = 20*a. Suppose -h - 9 = 5*f, -2 - 8 = 5*f. Let l be k(h). Calculate the highest common divisor of l and 4.
4
Suppose -3*o - 5*v + 50 = -8*o, 4*o + 4*v + 80 = 0. Let w = 21 + o. What is the greatest common divisor of w and 48?
6
Let m(p) = -2*p**3 - 45*p**2 - 24*p - 29. Let o be m(-22). Suppose -2*u - 5 = -17. Calculate the greatest common factor of o and u.
3
Suppose -4 = 3*o - 5*o. Suppose 4*w - o*w = 98. Let c(v) = -2*v**3 - 3*v**2 - v + 1. Let f be c(-2). Calculate the greatest common factor of f and w.
7
Suppose -5*n - 2295 = -5*g, 455 = -2*g + 3*g + n. Suppose -2*x - 242 = -2*m, 0 = 5*m + 4*x - g - 112. What is the greatest common divisor of m and 13?
13
Let i be (-590)/(-15) - (-4)/6. Suppose 3*c = 5*c - i. What is the highest common divisor of c and 160?
20
Let t be (12/(-3) - -5)*6*1. Calculate the highest common divisor of 6 and t.
6
Suppose -4*p + 3*p + 3*m = -8, 0 = -2*p - 3*m + 34. Suppose 3*f = 5*x + 121, 24*x = -5*f + 21*x + 213. What is the highest common factor of f and p?
14
Let u be (-34)/(-8) - (-2)/(-8). Suppose 0*i - u = -5*i - 2*q, -q - 5 = -i. Suppose i*c - c - 14 = 0. What is the greatest common divisor of c and 35?
7
Suppose r - 2 = 2. Suppose 12*z = 44*z - 64. What is the greatest common factor of r and z?
2
Suppose 5*n - 63 = -4*j, -5*n - 2*j - 1 + 70 = 0. Calculate the greatest common divisor of n and 9.
3
Let h = 109 + -46. What is the highest common divisor of 7 and h?
7
Let s be 8/(-36) - (-260)/36. Calculate the highest common divisor of 77 and s.
7
Suppose 45 - 13 = 4*w. Let d be ((-13)/3)/(w/(-120)). What is the greatest common divisor of d and 13?
13
Suppose 0 = 23*v - 20*v - 54. Calculate the highest common divisor of 6 and 